{"id":13,"date":"2026-03-03T09:40:15","date_gmt":"2026-03-03T09:40:15","guid":{"rendered":"http:\/\/ustonex.guru\/?page_id=13"},"modified":"2026-03-03T09:40:18","modified_gmt":"2026-03-03T09:40:18","slug":"meubels-maken","status":"publish","type":"page","link":"https:\/\/ustonex.guru\/?page_id=13","title":{"rendered":"Meubels Maken"},"content":{"rendered":"\n<hr class=\"wp-block-separator has-alpha-channel-opacity\"\/>\n\n\n\n<figure class=\"wp-block-image size-large\"><img loading=\"lazy\" decoding=\"async\" width=\"1024\" height=\"576\" src=\"http:\/\/ustonex.guru\/wp-content\/uploads\/2026\/03\/86y4s3wYRKTp-1024x576.jpg\" alt=\"\" class=\"wp-image-14\" srcset=\"https:\/\/ustonex.guru\/wp-content\/uploads\/2026\/03\/86y4s3wYRKTp-1024x576.jpg 1024w, https:\/\/ustonex.guru\/wp-content\/uploads\/2026\/03\/86y4s3wYRKTp-300x169.jpg 300w, https:\/\/ustonex.guru\/wp-content\/uploads\/2026\/03\/86y4s3wYRKTp-768x432.jpg 768w, https:\/\/ustonex.guru\/wp-content\/uploads\/2026\/03\/86y4s3wYRKTp.jpg 1280w\" sizes=\"auto, (max-width: 1024px) 100vw, 1024px\" \/><\/figure>\n\n\n\n<p>Meubels maken is een vak van geduld. Ik ben Willem en ik zie vaak jonge gasten die binnen een dag een complete kast af willen hebben. Zo werkt het niet. Als je haast hebt, moet je naar de winkel gaan en een kartonnen kast kopen. In mijn cursus meubelmaken in Den Haag leer ik je dat de voorbereiding tachtig procent van het werk is. Je begint met een idee, dan een schets en dan ga je pas naar het hout kijken. Je moet de jaarringen controleren, kijken of de plank niet scheluw getrokken is. Als je die stappen overslaat, wreekt zich dat later in het proces. Een lade die klemt of een tafelpoot die wiebelt, dat komt altijd door een fout aan het begin. Ik ben streng op de details, want dat is het verschil tussen een meubelstuk en een brandstapel.<\/p>\n\n\n\n<p>We richten ons in de cursus op het maken van functionele stukken. Een krukje, een nachtkastje, misschien een kleine gereedschapskist. Het gaat erom dat je de technieken beheerst. Hoe maak je een zwaluwstaartverbinding die zo strak zit dat er geen licht doorheen komt? Dat vergt oefening en een vaste hand. Het is bijna een vorm van meditatie. Als ik in de werkplaats bezig ben, vergeet ik de rest van de wereld. De geur van vers geschaafd cederhout is beter dan welk parfum dan ook. We gebruiken in de cursus vooral massief hout. Geen spaanplaat of MDF, want dat heeft geen ziel. Massief hout werkt, het leeft, het heeft karakter. En ja, dat betekent dat het soms tegenstribbelt, maar dat is juist de uitdaging waar een echte vakman van houdt.<\/p>\n\n\n\n<ul class=\"wp-block-list\">\n<li>Het ontwerpen van een meubelstuk op basis van klassieke verhoudingen.<\/li>\n\n\n\n<li>Constructieleer: hoe zorg je dat een kast niet in elkaar zakt onder zijn eigen gewicht?<\/li>\n\n\n\n<li>Lijmtechnieken en het gebruik van lijmklemmen zonder het hout te beschadigen.<\/li>\n\n\n\n<li>Laden maken die soepel lopen op houten geleiders.<\/li>\n\n\n\n<li>Oppervlaktebehandeling voor een professioneel resultaat.<\/li>\n<\/ul>\n\n\n\n<p>=== Willems Wijsheid: Meet twee keer, zaag \u00e9\u00e9n keer. Het lijkt een clich\u00e9, maar ik heb in veertig jaar tijd meer hout verpest zien worden door ongeduld dan door onkunde. Neem je tijd. De klok is de grootste vijand van de timmerman. ===<\/p>\n\n\n\n<p>In Den Haag hebben we een rijke historie van ambachten. Ik probeer die traditie voort te zetten door cursisten te leren hoe ze meubels maken die generaties lang meegaan. Het is een tegenbeweging tegen de wegwerpcultuur. Als je zelf een tafel hebt gemaakt, gooi je die niet na drie jaar bij het grofvuil omdat de kleur je niet meer aanstaat. Je koestert het, je onderhoudt het. Dat geeft een voldoening die je niet in een webshop kunt bestellen. We werken met klein groepjes, want ik wil iedereen op zijn vingers kunnen kijken. Letterlijk, want ik wil niet dat je ze eraf zaagt. We houden het nuchter: goed gereedschap, goed hout en een flinke dosis inzet. Dat is het recept voor een meubelstuk waar je trots op kunt zijn.<\/p>\n","protected":false},"excerpt":{"rendered":"<p>Meubels maken is een vak van geduld. Ik ben Willem en ik zie vaak jonge gasten die binnen een dag een complete kast af willen hebben. Zo werkt het niet. Als je haast hebt, moet je naar de winkel gaan en een kartonnen kast kopen. In mijn cursus meubelmaken in Den Haag leer ik je [&hellip;]<\/p>\n","protected":false},"author":1,"featured_media":0,"parent":0,"menu_order":2,"comment_status":"closed","ping_status":"closed","template":"","meta":{"footnotes":""},"class_list":["post-13","page","type-page","status-publish","hentry"],"_links":{"self":[{"href":"https:\/\/ustonex.guru\/index.php?rest_route=\/wp\/v2\/pages\/13","targetHints":{"allow":["GET"]}}],"collection":[{"href":"https:\/\/ustonex.guru\/index.php?rest_route=\/wp\/v2\/pages"}],"about":[{"href":"https:\/\/ustonex.guru\/index.php?rest_route=\/wp\/v2\/types\/page"}],"author":[{"embeddable":true,"href":"https:\/\/ustonex.guru\/index.php?rest_route=\/wp\/v2\/users\/1"}],"replies":[{"embeddable":true,"href":"https:\/\/ustonex.guru\/index.php?rest_route=%2Fwp%2Fv2%2Fcomments&post=13"}],"version-history":[{"count":1,"href":"https:\/\/ustonex.guru\/index.php?rest_route=\/wp\/v2\/pages\/13\/revisions"}],"predecessor-version":[{"id":15,"href":"https:\/\/ustonex.guru\/index.php?rest_route=\/wp\/v2\/pages\/13\/revisions\/15"}],"wp:attachment":[{"href":"https:\/\/ustonex.guru\/index.php?rest_route=%2Fwp%2Fv2%2Fmedia&parent=13"}],"curies":[{"name":"wp","href":"https:\/\/api.w.org\/{rel}","templated":true}]}}